{"id":292,"date":"2022-08-20T01:59:18","date_gmt":"2022-08-20T06:59:18","guid":{"rendered":"https:\/\/servionline.net\/site\/?page_id=292"},"modified":"2022-08-22T15:17:35","modified_gmt":"2022-08-22T20:17:35","slug":"servicios-servivox-crm","status":"publish","type":"page","link":"https:\/\/servionline.net\/site\/servicios-servivox-crm\/","title":{"rendered":"Servicios Especializados de CRM Ominicanal &#8211; Bitrix24"},"content":{"rendered":"\t\t<div data-elementor-type=\"wp-page\" data-elementor-id=\"292\" class=\"elementor elementor-292\">\n\t\t\t\t\t\t<section class=\"elementor-section elementor-top-section elementor-element elementor-element-5753afe elementor-section-boxed elementor-section-height-default elementor-section-height-default\" data-id=\"5753afe\" data-element_type=\"section\">\n\t\t\t\t\t\t<div class=\"elementor-container elementor-column-gap-default\">\n\t\t\t\t\t<div class=\"elementor-column elementor-col-100 elementor-top-column elementor-element elementor-element-f44b13b\" data-id=\"f44b13b\" data-element_type=\"column\">\n\t\t\t<div class=\"elementor-widget-wrap elementor-element-populated\">\n\t\t\t\t\t\t<div class=\"elementor-element elementor-element-685be99 elementor-widget elementor-widget-heading\" data-id=\"685be99\" data-element_type=\"widget\" data-widget_type=\"heading.default\">\n\t\t\t\t<div class=\"elementor-widget-container\">\n\t\t\t<h2 class=\"elementor-heading-title elementor-size-default\">Somos Partner Oficial para Ventas y Servicios de Implementaci\u00f3n del mas poderoso CRM Ominicanal - Bitrix24<\/h2>\t\t<\/div>\n\t\t\t\t<\/div>\n\t\t\t\t\t<\/div>\n\t\t<\/div>\n\t\t\t\t\t<\/div>\n\t\t<\/section>\n\t\t\t\t<section class=\"elementor-section elementor-top-section elementor-element elementor-element-230a947 elementor-section-boxed elementor-section-height-default elementor-section-height-default\" data-id=\"230a947\" data-element_type=\"section\">\n\t\t\t\t\t\t<div class=\"elementor-container elementor-column-gap-default\">\n\t\t\t\t\t<div class=\"elementor-column elementor-col-100 elementor-top-column elementor-element elementor-element-91d03e4\" data-id=\"91d03e4\" data-element_type=\"column\">\n\t\t\t<div class=\"elementor-widget-wrap elementor-element-populated\">\n\t\t\t\t\t\t<div class=\"elementor-element elementor-element-a63806d elementor-widget elementor-widget-heading\" data-id=\"a63806d\" data-element_type=\"widget\" data-widget_type=\"heading.default\">\n\t\t\t\t<div class=\"elementor-widget-container\">\n\t\t\t<h2 class=\"elementor-heading-title elementor-size-default\">! Promoci\u00f3n por tiempo Limitado !<\/h2>\t\t<\/div>\n\t\t\t\t<\/div>\n\t\t\t\t<div class=\"elementor-element elementor-element-b99aaa1 elementor-widget elementor-widget-image\" data-id=\"b99aaa1\" data-element_type=\"widget\" data-widget_type=\"image.default\">\n\t\t\t\t<div class=\"elementor-widget-container\">\n\t\t\t\t\t\t\t\t\t\t\t\t\t\t<a href=\"https:\/\/www.bitrix24.es\/promo\/sales\/august_sale_2022\/\">\n\t\t\t\t\t\t\t<img fetchpriority=\"high\" decoding=\"async\" width=\"480\" height=\"480\" src=\"https:\/\/servionline.net\/site\/wp-content\/uploads\/2022\/08\/congela-precios-ago2022.png\" class=\"attachment-large size-large wp-image-299\" alt=\"\" srcset=\"https:\/\/servionline.net\/site\/wp-content\/uploads\/2022\/08\/congela-precios-ago2022-12x12.png 12w, https:\/\/servionline.net\/site\/wp-content\/uploads\/2022\/08\/congela-precios-ago2022-150x150.png 150w, https:\/\/servionline.net\/site\/wp-content\/uploads\/2022\/08\/congela-precios-ago2022-230x230.png 230w, https:\/\/servionline.net\/site\/wp-content\/uploads\/2022\/08\/congela-precios-ago2022-270x270.png 270w, https:\/\/servionline.net\/site\/wp-content\/uploads\/2022\/08\/congela-precios-ago2022-300x300.png 300w, https:\/\/servionline.net\/site\/wp-content\/uploads\/2022\/08\/congela-precios-ago2022.png 480w\" sizes=\"(max-width: 480px) 100vw, 480px\" \/>\t\t\t\t\t\t\t\t<\/a>\n\t\t\t\t\t\t\t\t\t\t\t\t\t<\/div>\n\t\t\t\t<\/div>\n\t\t\t\t\t<\/div>\n\t\t<\/div>\n\t\t\t\t\t<\/div>\n\t\t<\/section>\n\t\t\t\t<section class=\"elementor-section elementor-top-section elementor-element elementor-element-bde48a0 elementor-section-boxed elementor-section-height-default elementor-section-height-default\" data-id=\"bde48a0\" data-element_type=\"section\">\n\t\t\t\t\t\t<div class=\"elementor-container elementor-column-gap-default\">\n\t\t\t\t\t<div class=\"elementor-column elementor-col-100 elementor-top-column elementor-element elementor-element-d239c18\" data-id=\"d239c18\" data-element_type=\"column\">\n\t\t\t<div class=\"elementor-widget-wrap elementor-element-populated\">\n\t\t\t\t\t\t<div class=\"elementor-element elementor-element-a7fb059 elementor-widget elementor-widget-heading\" data-id=\"a7fb059\" data-element_type=\"widget\" data-widget_type=\"heading.default\">\n\t\t\t\t<div class=\"elementor-widget-container\">\n\t\t\t<h2 class=\"elementor-heading-title elementor-size-default\">CRM OMNICANAL ES UN ESPACIO DE TRABAJO COLABORATIVO - CONECTADO A TODOS LOS CANALES DE COMUNICACI\u00d3N DE SUS CLIENTES<\/h2>\t\t<\/div>\n\t\t\t\t<\/div>\n\t\t\t\t<div class=\"elementor-element elementor-element-b0ef2b8 elementor-widget elementor-widget-heading\" data-id=\"b0ef2b8\" data-element_type=\"widget\" data-widget_type=\"heading.default\">\n\t\t\t\t<div class=\"elementor-widget-container\">\n\t\t\t<h2 class=\"elementor-heading-title elementor-size-default\">TELEFON\u00cdA, CORREO ELECTR\u00d3NICO, CHAT SITIO WEB, WHATSAPP, TELEGRAM, TWITTER, FACEBOOK, INSTAGRAM, BOTS DE AUTOATENCI\u00d3N<\/h2>\t\t<\/div>\n\t\t\t\t<\/div>\n\t\t\t\t\t<\/div>\n\t\t<\/div>\n\t\t\t\t\t<\/div>\n\t\t<\/section>\n\t\t\t\t<section class=\"elementor-section elementor-top-section elementor-element elementor-element-d82dbbb elementor-section-boxed elementor-section-height-default elementor-section-height-default\" data-id=\"d82dbbb\" data-element_type=\"section\">\n\t\t\t\t\t\t<div class=\"elementor-container elementor-column-gap-default\">\n\t\t\t\t\t<div class=\"elementor-column elementor-col-100 elementor-top-column elementor-element elementor-element-df3e640\" data-id=\"df3e640\" data-element_type=\"column\">\n\t\t\t<div class=\"elementor-widget-wrap elementor-element-populated\">\n\t\t\t\t\t\t<div class=\"elementor-element elementor-element-29171ed elementor-widget elementor-widget-heading\" data-id=\"29171ed\" data-element_type=\"widget\" data-widget_type=\"heading.default\">\n\t\t\t\t<div class=\"elementor-widget-container\">\n\t\t\t<h3 class=\"elementor-heading-title elementor-size-default\">Herramientas disponibles para la empresa<\/h3>\t\t<\/div>\n\t\t\t\t<\/div>\n\t\t\t\t<div class=\"elementor-element elementor-element-574376a elementor-widget elementor-widget-accordion\" data-id=\"574376a\" data-element_type=\"widget\" data-widget_type=\"accordion.default\">\n\t\t\t\t<div class=\"elementor-widget-container\">\n\t\t\t\t\t<div class=\"elementor-accordion\">\n\t\t\t\t\t\t\t<div class=\"elementor-accordion-item\">\n\t\t\t\t\t<div id=\"elementor-tab-title-9151\" class=\"elementor-tab-title\" data-tab=\"1\" role=\"button\" aria-controls=\"elementor-tab-content-9151\" aria-expanded=\"false\">\n\t\t\t\t\t\t\t\t\t\t\t\t\t<span class=\"elementor-accordion-icon elementor-accordion-icon-left\" aria-hidden=\"true\">\n\t\t\t\t\t\t\t\t\t\t\t\t\t\t\t<span class=\"elementor-accordion-icon-closed\"><i class=\"fas fa-plus\"><\/i><\/span>\n\t\t\t\t\t\t\t\t<span class=\"elementor-accordion-icon-opened\"><i class=\"fas fa-minus\"><\/i><\/span>\n\t\t\t\t\t\t\t\t\t\t\t\t\t\t<\/span>\n\t\t\t\t\t\t\t\t\t\t\t\t<a class=\"elementor-accordion-title\" tabindex=\"0\">COLABORACI\u00d3N<\/a>\n\t\t\t\t\t<\/div>\n\t\t\t\t\t<div id=\"elementor-tab-content-9151\" class=\"elementor-tab-content elementor-clearfix\" data-tab=\"1\" role=\"region\" aria-labelledby=\"elementor-tab-title-9151\"><p style=\"padding-left: 40px;\"><strong>Chats y videollamadas<\/strong><\/p><p style=\"padding-left: 40px;\"><strong>Reuniones online<\/strong><\/p><p style=\"padding-left: 40px;\"><strong>Noticias<\/strong><\/p><p style=\"padding-left: 40px;\"><strong>Calendario<\/strong><\/p><p style=\"padding-left: 40px;\"><strong>Documentos online<\/strong><\/p><p style=\"padding-left: 40px;\"><strong>Drive<\/strong><\/p><p style=\"padding-left: 40px;\"><strong>Webmail<\/strong><\/p><p style=\"padding-left: 40px;\"><strong>Grupos de trabajo<\/strong><\/p><\/div>\n\t\t\t\t<\/div>\n\t\t\t\t\t\t\t<div class=\"elementor-accordion-item\">\n\t\t\t\t\t<div id=\"elementor-tab-title-9152\" class=\"elementor-tab-title\" data-tab=\"2\" role=\"button\" aria-controls=\"elementor-tab-content-9152\" aria-expanded=\"false\">\n\t\t\t\t\t\t\t\t\t\t\t\t\t<span class=\"elementor-accordion-icon elementor-accordion-icon-left\" aria-hidden=\"true\">\n\t\t\t\t\t\t\t\t\t\t\t\t\t\t\t<span class=\"elementor-accordion-icon-closed\"><i class=\"fas fa-plus\"><\/i><\/span>\n\t\t\t\t\t\t\t\t<span class=\"elementor-accordion-icon-opened\"><i class=\"fas fa-minus\"><\/i><\/span>\n\t\t\t\t\t\t\t\t\t\t\t\t\t\t<\/span>\n\t\t\t\t\t\t\t\t\t\t\t\t<a class=\"elementor-accordion-title\" tabindex=\"0\">CRM<\/a>\n\t\t\t\t\t<\/div>\n\t\t\t\t\t<div id=\"elementor-tab-content-9152\" class=\"elementor-tab-content elementor-clearfix\" data-tab=\"2\" role=\"region\" aria-labelledby=\"elementor-tab-title-9152\"><p style=\"padding-left: 40px;\"><strong>Prospectos, Negociaciones, Contactos, Compa\u00f1\u00edas<\/strong><\/p><p style=\"padding-left: 40px;\"><strong>Cotizaciones, Facturas<\/strong><\/p><p style=\"padding-left: 40px;\"><strong>Pagos online<\/strong><\/p><p style=\"padding-left: 40px;\"><strong>Automatizaci\u00f3n de ventas<\/strong><\/p><p style=\"padding-left: 40px;\"><strong>Reglas y disparadores<\/strong><\/p><p style=\"padding-left: 40px;\"><strong>Contact center<\/strong><\/p><p style=\"padding-left: 40px;\"><strong>Marketing<\/strong><\/p><p style=\"padding-left: 40px;\"><strong>Sales Intelligence<\/strong><\/p><\/div>\n\t\t\t\t<\/div>\n\t\t\t\t\t\t\t<div class=\"elementor-accordion-item\">\n\t\t\t\t\t<div id=\"elementor-tab-title-9153\" class=\"elementor-tab-title\" data-tab=\"3\" role=\"button\" aria-controls=\"elementor-tab-content-9153\" aria-expanded=\"false\">\n\t\t\t\t\t\t\t\t\t\t\t\t\t<span class=\"elementor-accordion-icon elementor-accordion-icon-left\" aria-hidden=\"true\">\n\t\t\t\t\t\t\t\t\t\t\t\t\t\t\t<span class=\"elementor-accordion-icon-closed\"><i class=\"fas fa-plus\"><\/i><\/span>\n\t\t\t\t\t\t\t\t<span class=\"elementor-accordion-icon-opened\"><i class=\"fas fa-minus\"><\/i><\/span>\n\t\t\t\t\t\t\t\t\t\t\t\t\t\t<\/span>\n\t\t\t\t\t\t\t\t\t\t\t\t<a class=\"elementor-accordion-title\" tabindex=\"0\">TAREAS Y PROYECTOS<\/a>\n\t\t\t\t\t<\/div>\n\t\t\t\t\t<div id=\"elementor-tab-content-9153\" class=\"elementor-tab-content elementor-clearfix\" data-tab=\"3\" role=\"region\" aria-labelledby=\"elementor-tab-title-9153\"><p style=\"padding-left: 40px;\"><strong>Tareas<\/strong><\/p><p style=\"padding-left: 40px;\"><strong>Proyectos<\/strong><\/p><p style=\"padding-left: 40px;\"><strong>Gr\u00e1fico de Gantt<\/strong><\/p><p style=\"padding-left: 40px;\"><strong>Kanban<\/strong><\/p><p style=\"padding-left: 40px;\"><strong>Seguimiento del tiempo<\/strong><\/p><p style=\"padding-left: 40px;\"><strong>Plantillas de tareas y proyectos<\/strong><\/p><p style=\"padding-left: 40px;\"><strong>Automatizaci\u00f3n de tareas<\/strong><\/p><p style=\"padding-left: 40px;\"><strong>Integraci\u00f3n con CRM<\/strong><\/p><\/div>\n\t\t\t\t<\/div>\n\t\t\t\t\t\t\t<div class=\"elementor-accordion-item\">\n\t\t\t\t\t<div id=\"elementor-tab-title-9154\" class=\"elementor-tab-title\" data-tab=\"4\" role=\"button\" aria-controls=\"elementor-tab-content-9154\" aria-expanded=\"false\">\n\t\t\t\t\t\t\t\t\t\t\t\t\t<span class=\"elementor-accordion-icon elementor-accordion-icon-left\" aria-hidden=\"true\">\n\t\t\t\t\t\t\t\t\t\t\t\t\t\t\t<span class=\"elementor-accordion-icon-closed\"><i class=\"fas fa-plus\"><\/i><\/span>\n\t\t\t\t\t\t\t\t<span class=\"elementor-accordion-icon-opened\"><i class=\"fas fa-minus\"><\/i><\/span>\n\t\t\t\t\t\t\t\t\t\t\t\t\t\t<\/span>\n\t\t\t\t\t\t\t\t\t\t\t\t<a class=\"elementor-accordion-title\" tabindex=\"0\">SITIOS Y TIENDAS<\/a>\n\t\t\t\t\t<\/div>\n\t\t\t\t\t<div id=\"elementor-tab-content-9154\" class=\"elementor-tab-content elementor-clearfix\" data-tab=\"4\" role=\"region\" aria-labelledby=\"elementor-tab-title-9154\"><p style=\"padding-left: 40px;\"><strong>Constructor de sitios web gratuito<\/strong><\/p><p style=\"padding-left: 40px;\"><strong>Tienda online<\/strong><\/p><p style=\"padding-left: 40px;\"><strong>Plantillas gratuitas<\/strong><\/p><p style=\"padding-left: 40px;\"><strong>Optimizado para m\u00f3viles y SEO<\/strong><\/p><p style=\"padding-left: 40px;\"><strong>Formularios web<\/strong><\/p><p style=\"padding-left: 40px;\"><strong>Widgets de sitios web<\/strong><\/p><p style=\"padding-left: 40px;\"><strong>Integraci\u00f3n con CRM<\/strong><\/p><p style=\"padding-left: 40px;\"><strong>Integraci\u00f3n con Google Analytics<\/strong><\/p><\/div>\n\t\t\t\t<\/div>\n\t\t\t\t\t\t\t<div class=\"elementor-accordion-item\">\n\t\t\t\t\t<div id=\"elementor-tab-title-9155\" class=\"elementor-tab-title\" data-tab=\"5\" role=\"button\" aria-controls=\"elementor-tab-content-9155\" aria-expanded=\"false\">\n\t\t\t\t\t\t\t\t\t\t\t\t\t<span class=\"elementor-accordion-icon elementor-accordion-icon-left\" aria-hidden=\"true\">\n\t\t\t\t\t\t\t\t\t\t\t\t\t\t\t<span class=\"elementor-accordion-icon-closed\"><i class=\"fas fa-plus\"><\/i><\/span>\n\t\t\t\t\t\t\t\t<span class=\"elementor-accordion-icon-opened\"><i class=\"fas fa-minus\"><\/i><\/span>\n\t\t\t\t\t\t\t\t\t\t\t\t\t\t<\/span>\n\t\t\t\t\t\t\t\t\t\t\t\t<a class=\"elementor-accordion-title\" tabindex=\"0\">RRHH Y AUTOMATIZACI\u00d3N<\/a>\n\t\t\t\t\t<\/div>\n\t\t\t\t\t<div id=\"elementor-tab-content-9155\" class=\"elementor-tab-content elementor-clearfix\" data-tab=\"5\" role=\"region\" aria-labelledby=\"elementor-tab-title-9155\"><p style=\"padding-left: 40px;\"><strong>Directorio de empleados<\/strong><\/p><p style=\"padding-left: 40px;\"><strong>Seguimiento y reportes del tiempo de trabajo<\/strong><\/p><p style=\"padding-left: 40px;\"><strong>Gesti\u00f3n de ausencias<\/strong><\/p><p style=\"padding-left: 40px;\"><strong>Anuncios y agradecimientos<\/strong><\/p><p style=\"padding-left: 40px;\"><strong>Automatizaci\u00f3n de flujos de trabajo<\/strong><\/p><p style=\"padding-left: 40px;\"><strong>Solicitudes y aprobaciones<\/strong><\/p><p style=\"padding-left: 40px;\"><strong>RPA sin c\u00f3digos<\/strong><\/p><p style=\"padding-left: 40px;\"><strong>Base de conocimientos<\/strong><\/p><\/div>\n\t\t\t\t<\/div>\n\t\t\t\t\t\t\t\t<\/div>\n\t\t\t\t<\/div>\n\t\t\t\t<\/div>\n\t\t\t\t\t<\/div>\n\t\t<\/div>\n\t\t\t\t\t<\/div>\n\t\t<\/section>\n\t\t\t\t<section class=\"elementor-section elementor-top-section elementor-element elementor-element-3362165 elementor-section-boxed elementor-section-height-default elementor-section-height-default\" data-id=\"3362165\" data-element_type=\"section\">\n\t\t\t\t\t\t<div class=\"elementor-container elementor-column-gap-default\">\n\t\t\t\t\t<div class=\"elementor-column elementor-col-100 elementor-top-column elementor-element elementor-element-d98879e\" data-id=\"d98879e\" data-element_type=\"column\">\n\t\t\t<div class=\"elementor-widget-wrap elementor-element-populated\">\n\t\t\t\t\t\t<div class=\"elementor-element elementor-element-918d26f elementor-align-center elementor-widget elementor-widget-button\" data-id=\"918d26f\" data-element_type=\"widget\" data-widget_type=\"button.default\">\n\t\t\t\t<div class=\"elementor-widget-container\">\n\t\t\t\t\t<div class=\"elementor-button-wrapper\">\n\t\t\t<a class=\"elementor-button elementor-button-link elementor-size-md\" href=\"https:\/\/www.bitrix24.es\/create.php?p=12595577\">\n\t\t\t\t\t\t<span class=\"elementor-button-content-wrapper\">\n\t\t\t\t\t\t\t\t\t<span class=\"elementor-button-text\">PUEDES INICIAR SIN COSTO<\/span>\n\t\t\t\t\t<\/span>\n\t\t\t\t\t<\/a>\n\t\t<\/div>\n\t\t\t\t<\/div>\n\t\t\t\t<\/div>\n\t\t\t\t\t<\/div>\n\t\t<\/div>\n\t\t\t\t\t<\/div>\n\t\t<\/section>\n\t\t\t\t<section class=\"elementor-section elementor-top-section elementor-element elementor-element-c811101 elementor-section-boxed elementor-section-height-default elementor-section-height-default\" data-id=\"c811101\" data-element_type=\"section\">\n\t\t\t\t\t\t<div class=\"elementor-container elementor-column-gap-default\">\n\t\t\t\t\t<div class=\"elementor-column elementor-col-100 elementor-top-column elementor-element elementor-element-d1a71f5\" data-id=\"d1a71f5\" data-element_type=\"column\">\n\t\t\t<div class=\"elementor-widget-wrap elementor-element-populated\">\n\t\t\t\t\t\t<div class=\"elementor-element elementor-element-bc8fb34 elementor-widget elementor-widget-image\" data-id=\"bc8fb34\" data-element_type=\"widget\" data-widget_type=\"image.default\">\n\t\t\t\t<div class=\"elementor-widget-container\">\n\t\t\t\t\t\t\t\t\t\t\t\t\t<img decoding=\"async\" width=\"750\" height=\"70\" src=\"https:\/\/servionline.net\/site\/wp-content\/uploads\/2022\/08\/banner1-bitrix24.png\" class=\"attachment-large size-large wp-image-316\" alt=\"\" srcset=\"https:\/\/servionline.net\/site\/wp-content\/uploads\/2022\/08\/banner1-bitrix24-16x1.png 16w, https:\/\/servionline.net\/site\/wp-content\/uploads\/2022\/08\/banner1-bitrix24-300x28.png 300w, https:\/\/servionline.net\/site\/wp-content\/uploads\/2022\/08\/banner1-bitrix24-768x72.png 768w, https:\/\/servionline.net\/site\/wp-content\/uploads\/2022\/08\/banner1-bitrix24.png 1020w\" sizes=\"(max-width: 750px) 100vw, 750px\" \/>\t\t\t\t\t\t\t\t\t\t\t\t\t<\/div>\n\t\t\t\t<\/div>\n\t\t\t\t\t<\/div>\n\t\t<\/div>\n\t\t\t\t\t<\/div>\n\t\t<\/section>\n\t\t\t\t<section class=\"elementor-section elementor-top-section elementor-element elementor-element-18cf31c elementor-section-boxed elementor-section-height-default elementor-section-height-default\" data-id=\"18cf31c\" data-element_type=\"section\">\n\t\t\t\t\t\t<div class=\"elementor-container elementor-column-gap-default\">\n\t\t\t\t\t<div class=\"elementor-column elementor-col-100 elementor-top-column elementor-element elementor-element-93c6068\" data-id=\"93c6068\" data-element_type=\"column\">\n\t\t\t<div class=\"elementor-widget-wrap elementor-element-populated\">\n\t\t\t\t\t\t<div class=\"elementor-element elementor-element-c613251 elementor-widget elementor-widget-heading\" data-id=\"c613251\" data-element_type=\"widget\" data-widget_type=\"heading.default\">\n\t\t\t\t<div class=\"elementor-widget-container\">\n\t\t\t<h2 class=\"elementor-heading-title elementor-size-default\">Nuestros Servicios Personalizados<\/h2>\t\t<\/div>\n\t\t\t\t<\/div>\n\t\t\t\t<div class=\"elementor-element elementor-element-cf56288 elementor-widget elementor-widget-text-editor\" data-id=\"cf56288\" data-element_type=\"widget\" data-widget_type=\"text-editor.default\">\n\t\t\t\t<div class=\"elementor-widget-container\">\n\t\t\t\t\t\t\t<ul><li>VENTA DE SERVICIO PARA PLANES EN NUBE Y LICENCIAS EN SERVIDOR PRIVADO<\/li><li>IMPLEMENTACI\u00d3N DE CANALES DE REDES SOCIALES: WHATSAPP &#8211; TELEGRAM &#8211; FACEBOOK &#8211; INSTAGRAM &#8211; TWITTER ENTRE OTROS.<\/li><li>IMPLEMENTACI\u00d3N DE CRM<\/li><li>IMPLEMENTACI\u00d3N DE FACTURACI\u00d3N ELECTR\u00d3NICA INTEGRADA AL CRM<\/li><li>IMPLEMENTACI\u00d3N DE FORMULARIOS INTEGRADOS AL CRM<\/li><li>IMPLEMENTACI\u00d3N DE PROCESOS Y TR\u00c1MITES DE LAS EMPRESAS<\/li><li>IMPLEMENTACI\u00d3N DE PROCESOS AUTOM\u00c1TICOS<\/li><li>IMPLEMENTACI\u00d3N DE REPORTER\u00cdA UNIFICADA<\/li><li>IMPLEMENTACI\u00d3N DE TABLEROS DE COMANDO CON POWER BI<\/li><li>ASESORAMIENTO EN CAMPA\u00d1AS DE MAKETING DE CORREO MASIVO<\/li><li>ASESORAMIENTO EN CAMPA\u00d1AS DE FACEBOOK E INSTAGRAM<\/li><li>DIAGN\u00d3STICO Y ASESORAMIENTO PARA IMPLEMENTACI\u00d3N DE CRM<\/li><li>SOPORTE REMOTE Y EN SITIO<\/li><li>SOPORTE 24 x 7 x 365<\/li><\/ul>\t\t\t\t\t\t<\/div>\n\t\t\t\t<\/div>\n\t\t\t\t\t<\/div>\n\t\t<\/div>\n\t\t\t\t\t<\/div>\n\t\t<\/section>\n\t\t\t\t<section class=\"elementor-section elementor-top-section elementor-element elementor-element-6bfb0da elementor-section-boxed elementor-section-height-default elementor-section-height-default\" data-id=\"6bfb0da\" data-element_type=\"section\">\n\t\t\t\t\t\t<div class=\"elementor-container elementor-column-gap-default\">\n\t\t\t\t\t<div class=\"elementor-column elementor-col-100 elementor-top-column elementor-element elementor-element-49656ab\" data-id=\"49656ab\" data-element_type=\"column\">\n\t\t\t<div class=\"elementor-widget-wrap elementor-element-populated\">\n\t\t\t\t\t\t<div class=\"elementor-element elementor-element-3e7c092 elementor-widget elementor-widget-heading\" data-id=\"3e7c092\" data-element_type=\"widget\" data-widget_type=\"heading.default\">\n\t\t\t\t<div class=\"elementor-widget-container\">\n\t\t\t<h2 class=\"elementor-heading-title elementor-size-default\">Soluciones en la Nube y en Servidor Privado<\/h2>\t\t<\/div>\n\t\t\t\t<\/div>\n\t\t\t\t<div class=\"elementor-element elementor-element-1e16d67 elementor-button-warning elementor-align-center elementor-widget elementor-widget-button\" data-id=\"1e16d67\" data-element_type=\"widget\" data-widget_type=\"button.default\">\n\t\t\t\t<div class=\"elementor-widget-container\">\n\t\t\t\t\t<div class=\"elementor-button-wrapper\">\n\t\t\t<a class=\"elementor-button elementor-button-link elementor-size-sm\" href=\"https:\/\/servivox.bitrix24.site\/crm_form_gn72l\/\">\n\t\t\t\t\t\t<span class=\"elementor-button-content-wrapper\">\n\t\t\t\t\t\t\t\t\t<span class=\"elementor-button-text\">PLANES Y PRECIOS<\/span>\n\t\t\t\t\t<\/span>\n\t\t\t\t\t<\/a>\n\t\t<\/div>\n\t\t\t\t<\/div>\n\t\t\t\t<\/div>\n\t\t\t\t\t<\/div>\n\t\t<\/div>\n\t\t\t\t\t<\/div>\n\t\t<\/section>\n\t\t\t\t<section class=\"elementor-section elementor-top-section elementor-element elementor-element-8f5cc74 elementor-section-boxed elementor-section-height-default elementor-section-height-default\" data-id=\"8f5cc74\" data-element_type=\"section\">\n\t\t\t\t\t\t<div class=\"elementor-container elementor-column-gap-default\">\n\t\t\t\t\t<div class=\"elementor-column elementor-col-100 elementor-top-column elementor-element elementor-element-eb1b411\" data-id=\"eb1b411\" data-element_type=\"column\">\n\t\t\t<div class=\"elementor-widget-wrap elementor-element-populated\">\n\t\t\t\t\t\t<div class=\"elementor-element elementor-element-4d7dae5 elementor-align-center elementor-widget elementor-widget-button\" data-id=\"4d7dae5\" data-element_type=\"widget\" data-widget_type=\"button.default\">\n\t\t\t\t<div class=\"elementor-widget-container\">\n\t\t\t\t\t<div class=\"elementor-button-wrapper\">\n\t\t\t<a class=\"elementor-button elementor-button-link elementor-size-sm\" href=\"https:\/\/servivox.bitrix24.site\/crm_form_gn72l\/\">\n\t\t\t\t\t\t<span class=\"elementor-button-content-wrapper\">\n\t\t\t\t\t\t\t\t\t<span class=\"elementor-button-text\">CONTACTA CON UN ASESOR DE BITRIX24<\/span>\n\t\t\t\t\t<\/span>\n\t\t\t\t\t<\/a>\n\t\t<\/div>\n\t\t\t\t<\/div>\n\t\t\t\t<\/div>\n\t\t\t\t\t<\/div>\n\t\t<\/div>\n\t\t\t\t\t<\/div>\n\t\t<\/section>\n\t\t\t\t<\/div>\n\t\t","protected":false},"excerpt":{"rendered":"<p>Somos Partner Oficial para Ventas y Servicios de Implementaci\u00f3n del mas poderoso CRM Ominicanal &#8211; Bitrix24 ! Promoci\u00f3n por tiempo Limitado ! CRM OMNICANAL ES UN ESPACIO DE TRABAJO COLABORATIVO &#8211; CONECTADO A TODOS LOS CANALES DE COMUNICACI\u00d3N DE SUS<\/p>\n","protected":false},"author":1,"featured_media":0,"parent":0,"menu_order":0,"comment_status":"closed","ping_status":"closed","template":"","meta":{"footnotes":""},"class_list":["post-292","page","type-page","status-publish","hentry"],"_links":{"self":[{"href":"https:\/\/servionline.net\/site\/wp-json\/wp\/v2\/pages\/292"}],"collection":[{"href":"https:\/\/servionline.net\/site\/wp-json\/wp\/v2\/pages"}],"about":[{"href":"https:\/\/servionline.net\/site\/wp-json\/wp\/v2\/types\/page"}],"author":[{"embeddable":true,"href":"https:\/\/servionline.net\/site\/wp-json\/wp\/v2\/users\/1"}],"replies":[{"embeddable":true,"href":"https:\/\/servionline.net\/site\/wp-json\/wp\/v2\/comments?post=292"}],"version-history":[{"count":68,"href":"https:\/\/servionline.net\/site\/wp-json\/wp\/v2\/pages\/292\/revisions"}],"predecessor-version":[{"id":387,"href":"https:\/\/servionline.net\/site\/wp-json\/wp\/v2\/pages\/292\/revisions\/387"}],"wp:attachment":[{"href":"https:\/\/servionline.net\/site\/wp-json\/wp\/v2\/media?parent=292"}],"curies":[{"name":"wp","href":"https:\/\/api.w.org\/{rel}","templated":true}]}}